847.
3, 1949
List the prime factors of 59204.
2, 19, 41
What are the prime factors of 1762?
2, 881
List the prime factors of 23191.
7, 3313
List the prime factors of 25245.
3, 5, 11, 17
What are the prime factors of 4474?
2, 2237
What are the prime factors of 38?
2, 19
What are the prime factors of 4898?
2, 31, 79
What are the prime factors of 2981?
11, 271
List the prime factors of 2990.
2, 5, 13, 23
What are the prime factors of 7017?
3, 2339
List the prime factors of 8021.
13, 617
What are the prime factors of 2765?
5, 7, 79
What are the prime factors of 478?
2, 239
List the prime factors of 1498.
2, 7, 107
What are the prime factors of 1510?
2, 5, 151
What are the prime factors of 546?
2, 3, 7, 13
What are the prime factors of 65561?
53, 1237
List the prime factors of 194.
2, 97
What are the prime factors of 35963?
35963
List the prime factors of 688.
2, 43
What are the prime factors of 47836?
2, 11959
What are the prime factors of 25021?
131, 191
What are the prime factors of 4758?
2, 3, 13, 61
What are the prime factors of 15282?
2, 3, 283
List the prime factors of 4942.
2, 7, 353
What are the prime factors of 32106?
2, 3, 5351
List the prime factors of 2993.
41, 73
List the prime factors of 5161.
13, 397
List the prime factors of 14167.
31, 457
List the prime factors of 1043.
7, 149
What are the prime factors of 10903?
10903
What are the prime factors of 6516?
2, 3, 181
List the prime factors of 18809.
7, 2687
List the prime factors of 636.
2, 3, 53
What are the prime factors of 509?
509
List the prime factors of 1686.
2, 3, 281
List the prime factors of 1571.
1571
List the prime factors of 305.
5, 61
What are the prime factors of 78?
2, 3, 13
List the prime factors of 108.
2, 3
List the prime factors of 416.
2, 13
List the prime factors of 21004.
2, 59, 89
What are the prime factors of 33229?
7, 47, 101
List the prime factors of 23367.
3, 7789
List the prime factors of 63822.
2, 3, 11, 967
List the prime factors of 134442.
2, 3, 7, 11, 97
List the prime factors of 12424.
2, 1553
List the prime factors of 2027.
2027
What are the prime factors of 645?
3, 5, 43
List the prime factors of 112007.
7, 16001
List the prime factors of 11123.
7, 227
What are the prime factors of 57849?
3, 11, 1753
What are the prime factors of 4139?
4139
What are the prime factors of 2894?
2, 1447
What are the prime factors of 64026?
2, 3, 3557
List the prime factors of 1941.
3, 647
List the prime factors of 14983.
14983
List the prime factors of 1024.
2
List the prime factors of 1856.
2, 29
List the prime factors of 2451.
3, 19, 43
What are the prime factors of 1496?
2, 11, 17
What are the prime factors of 2017?
2017
What are the prime factors of 944?
2, 59
List the prime factors of 12155.
5, 11, 13, 17
What are the prime factors of 106845?
3, 5, 17, 419
List the prime factors of 81812.
2, 113, 181
What are the prime factors of 3201?
3, 11, 97
List the prime factors of 95173.
13, 7321
What are the prime factors of 983?
983
What are the prime factors of 2600?
2, 5, 13
List the prime factors of 1790.
2, 5, 179
List the prime factors of 1321.
1321
List the prime factors of 921.
3, 307
What are the prime factors of 2990?
2, 5, 13, 23
What are the prime factors of 12660?
2, 3, 5, 211
What are the prime factors of 756?
2, 3, 7
What are the prime factors of 391?
17, 23
What are the prime factors of 11314?
2, 5657
List the prime factors of 93568.
2, 17, 43
What are the prime factors of 405?
3, 5
List the prime factors of 92704.
2, 2897
What are the prime factors of 10867?
10867
What are the prime factors of 5458?
2, 2729
List the prime factors of 24890.
2, 5, 19, 131
What are the prime factors of 413?
7, 59
What are the prime factors of 1573?
11, 13
What are the prime factors of 4474?
2, 2237
What are the prime factors of 45327?
3, 29, 521
What are the prime factors of 15808?
2, 13, 19
What are the prime factors of 58933?
7, 8419
List the prime factors of 5936.
2, 7, 53
List the prime factors of 66130.
2, 5, 17, 389
List the prime factors of 602.
2, 7, 43
What are the prime factors of 307?
307
List the prime factors of 79203.
3, 17, 1553
What are the prime factors of 32995?
5, 6599
What are the prime factors of 64444?
2, 16111
List the prime factors of 6149.
11, 13, 43
What are the prime factors of 11121?
3, 11, 337
List the prime factors of 80414.
2, 31, 1297
What are the prime factors of 3280?
2, 5, 41
What are the prime factors of 7275?
3, 5, 97
What are the prime factors of 737?
11, 67
What are the prime factors of 2176?
2, 17
What are the prime factors of 9312?
2, 3, 97
List the prime factors of 6089.
6089
List the prime factors of 4535.
5, 907
List the prime factors of 3390.
2, 3, 5, 113
What are the prime factors of 19633?
29, 677
List the prime factors of 345.
3, 5, 23
What are the prime factors of 4934?
2, 2467
List the prime factors of 3225.
3, 5, 43
List the prime factors of 103445.
5, 17, 1217
List the prime factors of 1213.
1213
What are the prime factors of 24277?
11, 2207
What are the prime factors of 2293?
2293
List the prime factors of 66.
2, 3, 11
What are the prime factors of 64197?
3, 7, 1019
What are the prime factors of 11898?
2, 3, 661
What are the prime factors of 9433?
9433
What are the prime factors of 6362?
2, 3181
List the prime factors of 3258.
2, 3, 181
What are the prime factors of 9414?
2, 3, 523
What are the prime factors of 35254?
2, 17627
List the prime factors of 2202.
2, 3, 367
What are the prime factors of 633?
3, 211
What are the prime factors of 7448?
2, 7, 19
What are the prime factors of 9872?
2, 617
List the prime factors of 12174.
2, 3, 2029
What are the prime factors of 129133?
263, 491
What are the prime factors of 2378?
2, 29, 41
What are the prime factors of 64?
2
What are the prime factors of 7810?
2, 5, 11, 71
List the prime factors of 15266.
2, 17, 449
List the prime factors of 7816.
2, 977
List the prime factors of 3731.
7, 13, 41
What are the prime factors of 1166?
2, 11, 53
List the prime factors of 9382.
2, 4691
List the prime factors of 3006.
2, 3, 167
What are the prime factors of 1881?
3, 11, 19
List the prime factors of 41564.
2, 10391
List the prime factors of 243.
3
List the prime factors of 7071.
3, 2357
What are the prime factors of 24345?
3, 5, 541
List the prime factors of 5356.
2, 13, 103
List the prime factors of 157.
157
List the prime factors of 1293.
3, 431
List the prime factors of 14392.
2, 7, 257
List the prime factors of 50010.
2, 3, 5, 1667
List the prime factors of 2963.
2963
List the prime factors of 3768.
2, 3, 157
List the prime factors of 85911.
3, 7, 4091
What are the prime factors of 65296?
2, 7, 11, 53
What are the prime factors of 2025?
3, 5
What are the prime factors of 1187?
1187
What are the prime factors of 621?
3, 23
What are the prime factors of 13710?
2, 3, 5, 457
What are the prime factors of 914?
2, 457
List the prime factors of 406.
2, 7, 29
List the prime factors of 204.
2, 3, 17
List the prime factors of 59170.
2, 5, 61, 97
What are the prime factors of 46771?
46771
What are the prime factors of 722?
2, 19
What are the prime factors of 282?
2, 3, 47
What are the prime factors of 122476?
2, 67, 457
List the prime factors of 15382.
2, 7691
What are the prime factors of 22376?
2, 2797
List the prime factors of 2360.
2, 5, 59
List the prime factors of 1646.
2, 823
List the prime factors of 16972.
2, 4243
What are the prime factors of 1063?
1063
What are the prime factors of 34157?
34157
What are the prime factors of 937?
937
List the prime factors of 99722.
2, 7, 17, 419
What are the prime factors of 15312?
2, 3, 11, 29
List the prime factors of 547.
547
List the prime factors of 290.
2, 5, 29
What are the prime factors of 1755?
3, 5, 13
What are the prime factors of 527?
17, 31
List the prime factors of 688.
2, 43
What are the prime factors of 285?
3, 5, 19
What are the prime factors of 28069?
28069
What are the prime factors of 10256?
2, 641
What are the prime factors of 497?
7, 71
What are the prime factors of 149?
149
List the prime factors of 1216.
2, 19
List the prime factors of 465.
3, 5, 31
What are the prime factors of 28755?
3, 5, 71
List the prime factors of 61250.
2, 5, 7
What are the prime factors of 22270?
2, 5, 17, 131
List the prime factors of 39467.
61, 647